isor of 23820 and 120?
60
What is the greatest common factor of 352 and 4416?
32
Calculate the greatest common factor of 21 and 350.
7
What is the greatest common divisor of 8 and 9240?
8
Calculate the greatest common divisor of 729 and 225.
9
Calculate the greatest common divisor of 1442 and 112.
14
What is the greatest common divisor of 96 and 312?
24
Calculate the greatest common factor of 6 and 11598.
6
Calculate the highest common factor of 3520 and 5060.
220
What is the highest common factor of 8 and 424?
8
Calculate the highest common factor of 1241 and 17.
17
What is the greatest common factor of 184 and 32?
8
What is the highest common factor of 344 and 16?
8
What is the greatest common factor of 8 and 9028?
4
What is the greatest common divisor of 30 and 7610?
10
Calculate the highest common divisor of 70 and 3410.
10
What is the highest common factor of 121 and 737?
11
Calculate the highest common factor of 3369 and 3.
3
What is the highest common factor of 160 and 35?
5
What is the greatest common divisor of 3375 and 27?
27
What is the greatest common divisor of 2508 and 132?
132
What is the highest common divisor of 22 and 50?
2
Calculate the greatest common factor of 50 and 9.
1
Calculate the highest common factor of 106 and 689.
53
Calculate the greatest common divisor of 855 and 7011.
171
What is the highest common factor of 77 and 28?
7
What is the highest common factor of 574 and 7?
7
What is the highest common divisor of 390 and 45?
15
What is the highest common divisor of 305 and 100?
5
Calculate the highest common factor of 12 and 3.
3
What is the greatest common factor of 610 and 23546?
122
What is the highest common divisor of 3799 and 1703?
131
What is the greatest common factor of 1568 and 32?
32
Calculate the highest common divisor of 20 and 1280.
20
Calculate the greatest common divisor of 17 and 136.
17
What is the greatest common factor of 108 and 468?
36
What is the highest common divisor of 1312 and 16?
16
Calculate the highest common factor of 720 and 18.
18
What is the highest common divisor of 736 and 32?
32
What is the greatest common divisor of 8 and 152?
8
What is the greatest common divisor of 120 and 11640?
120
What is the greatest common divisor of 70 and 78?
2
What is the greatest common factor of 297 and 77?
11
Calculate the highest common divisor of 5974 and 638.
58
What is the highest common divisor of 1739 and 141?
47
What is the highest common divisor of 87 and 9?
3
Calculate the highest common factor of 30 and 1065.
15
Calculate the greatest common factor of 46 and 253.
23
Calculate the highest common factor of 71 and 781.
71
What is the greatest common divisor of 11 and 253?
11
What is the highest common divisor of 6 and 86?
2
Calculate the greatest common divisor of 238 and 17.
17
What is the highest common factor of 33 and 147?
3
What is the greatest common factor of 10 and 12230?
10
What is the greatest common factor of 4826 and 38?
38
What is the greatest common factor of 825 and 33?
33
Calculate the highest common divisor of 60 and 276.
12
What is the greatest common divisor of 32 and 1000?
8
What is the greatest common divisor of 3328 and 26?
26
Calculate the greatest common factor of 24 and 15.
3
Calculate the greatest common factor of 25 and 800.
25
Calculate the highest common factor of 27 and 198.
9
What is the greatest common divisor of 903 and 1032?
129
Calculate the highest common divisor of 24 and 1212.
12
What is the greatest common divisor of 56 and 6288?
8
Calculate the highest common factor of 12 and 25434.
6
What is the highest common factor of 160 and 1040?
80
What is the greatest common factor of 352 and 24?
8
Calculate the greatest common factor of 2499 and 126.
21
Calculate the highest common divisor of 70 and 154.
14
What is the greatest common divisor of 48 and 56208?
48
Calculate the highest common divisor of 4982 and 212.
106
What is the highest common factor of 210 and 84?
42
What is the highest common divisor of 8 and 832?
8
Calculate the greatest common divisor of 89 and 2581.
89
Calculate the greatest common factor of 144 and 128.
16
What is the greatest common divisor of 5842 and 508?
254
What is the highest common factor of 126 and 84?
42
Calculate the greatest common factor of 47 and 22278.
47
Calculate the highest common factor of 15 and 285.
15
What is the greatest common factor of 112 and 4984?
56
What is the greatest common divisor of 340 and 37740?
340
Calculate the highest common factor of 2314 and 1602.
178
What is the highest common divisor of 279 and 1209?
93
Calculate the greatest common factor of 37 and 333.
37
Calculate the greatest common factor of 14 and 7770.
14
What is the highest common factor of 2432 and 16?
16
Calculate the highest common divisor of 30 and 390.
30
Calculate the greatest common factor of 7 and 47.
1
What is the greatest common divisor of 40 and 1210?
10
Calculate the greatest common divisor of 253 and 88.
11
What is the greatest common factor of 14 and 315?
7
What is the greatest common divisor of 64 and 880?
16
What is the greatest common factor of 2378 and 348?
58
Calculate the highest common divisor of 14 and 105.
7
What is the highest common factor of 63 and 117?
9
What is the highest common divisor of 5 and 6540?
5
What is the highest common divisor of 20 and 310?
10
What is the highest common divisor of 282 and 1034?
94
Calculate the greatest common factor of 312 and 24492.
156
Calculate the highest common factor of 216 and 117.
9
What is the highest common factor of 128 and 3200?
128
Calculate the highest common divisor of 14 and 609.
7
What is the highest common divisor of 53 and 583?
53
Calculate the highest common factor of 425 and 17.
17
Calculate the highest common divisor of 343 and 77.
7
What is the greatest common divisor of 57036 and 194?
194
What is the highest common factor of 98 and 56?
14
What is the highest common divisor of 536 and 67?
67
What is the highest common divisor of 228 and 1463?
19
Calculate the greatest common divisor of 291 and 30.
3
What is the highest common divisor of 66 and 1056?
66
Calculate the greatest common factor of 195 and 1105.
65
Calculate the greatest common divisor of 60 and 50.
10
Calculate the greatest common divisor of 777 and 357.
21
Calculate the highest common divisor of 14 and 161.
7
Calculate the highest common factor of 48 and 4404.
12
What is the greatest common divisor of 201 and 7437?
201
What is the highest common factor of 106 and 6625?
53
Calculate the highest common divisor of 630 and 30.
30
What is the greatest common divisor of 22 and 946?
22
What is the greatest common divisor of 75 and 60675?
75
What is the highest common factor of 512 and 8992?
32
Calculate the greatest common factor of 12 and 16.
4
What is the greatest common divisor of 224 and 182?
14
Calculate the highest common divisor of 338 and 234.
26
Calculate the greatest common factor of 112 and 32.
16
What is the greatest common divisor of 24 and 832?
8
What is the greatest common factor of 1090 and 160?
10
Calculate the greatest common divisor of 360 and 1140.
60
Calculate the highest common factor of 109 and 1853.
109
What is the greatest common divisor of 68 and 459?
17
Calculate the greatest common factor of 12 and 108.
12
What is the greatest common divisor of 385 and 273?
7
Calculate the highest common factor of 36 and 2601.
9
What is the highest common factor of 26 and 221?
13
What is the greatest common factor of 124 and 4247?
31
What is the highest common divisor of 189 and 21?
21
Calculate the highest common divisor of 960 and 750.
30
What is the greatest common factor of 198 and 18?
18
What is the greatest common factor of 973 and 556?
139
Calculate the highest common divisor of 104 and 1716.
52
What is the greatest common factor of 54 and 12?
6
Calculate the highest common factor of 39 and 1261.
13
Calculate the greatest common factor of 105 and 6.
3
Calculate the greatest common factor of 1254 and 198.
66
Calculate the highest common factor of 58 and 174.
58
Calculate the highest common divisor of 78 and 10.
2
Calculate the highest common divisor of 13 and 611.
13
What is the greatest common factor of 54 and 486?
54
Calculate the greatest common factor of 325 and 26.
13
Calculate 